{"id":2919,"date":"2025-10-03T10:57:50","date_gmt":"2025-10-03T08:57:50","guid":{"rendered":"https:\/\/kspogon.com.pl\/?page_id=2919"},"modified":"2026-04-01T23:52:46","modified_gmt":"2026-04-01T21:52:46","slug":"dziewczeta-u14-rocz-2012-i-ml-sezon-2025-2026","status":"publish","type":"page","link":"https:\/\/kspogon.com.pl\/?page_id=2919","title":{"rendered":"Dziewcz\u0119ta U14 rocz. 2012 i m\u0142. sezon 2025\/2026"},"content":{"rendered":"<p><strong><img loading=\"lazy\" decoding=\"async\" class=\"alignnone size-full wp-image-3065\" src=\"https:\/\/kspogon.com.pl\/wp-content\/uploads\/2025\/11\/DSC04783-scaled.jpg\" alt=\"\" width=\"2560\" height=\"1362\" \/>.<\/strong><\/p>\n<p><span style=\"color: #ff0000;\"><strong>Fina\u0142\u00a0 ,,A,,<\/strong><\/span><br \/>\n<span style=\"color: #0000ff;\">KS Pogo\u0144 Ruda \u015al\u0105ska &#8211; KS MiniBasketball Racib\u00f3rz\u00a0 <strong>44 : 79\u00a0<\/strong> (9:12, 18:33, 7:17, 10:17)<\/span><br \/>\n<span style=\"color: #000000;\"><strong>Punkty:<\/strong> Kami\u0144ska 15, Mirek 12,\u00a0 Lubska 6,\u00a0 , Krzyka\u0142a 4, Tracz 3, Jeziorska 2, Matuszczy 2<br \/>\n<\/span><span style=\"color: #0000ff;\">RMKS Rybnik &#8211; KS Pogo\u0144 Ruda \u015al\u0105ska\u00a0<strong> 113 : 53\u00a0<\/strong> (29:17, 36:18, 24:10, 24:8)<\/span><br \/>\n<span style=\"color: #000000;\"><strong>Punkty:<\/strong> Kami\u0144ska 21, Lubska 15, Mirek 7, Krzyka\u0142a 2, Urban 2, Jeziorska 2, Pazur 2, Tracz 2<br \/>\n<span style=\"color: #0000ff;\">KS MiniBasketball Racib\u00f3rz &#8211; KS Pogo\u0144 Ruda \u015al\u0105ska\u00a0 <strong>77 : 39\u00a0<\/strong> (26:8, 18:7, 19:12, 14:12)<\/span><br \/>\n<strong>Punkty:<\/strong> Kami\u0144ska 12, Lukasiewicz 10, Lubska 6, Mirek 5, Tracz 4, Krzyka\u0142a 2<br \/>\n<\/span><span style=\"color: #0000ff;\">Arthrex UKS SP 27 Katowice \u2013 KS Pogo\u0144 Ruda \u015al\u0105ska\u00a0 \u00a0<strong>51 : 44<\/strong>\u00a0 \u00a0(13:12, 12:11, 14:9, 12:12)<\/span><br \/>\n<span style=\"color: #000000;\"><strong>Punkty: <\/strong>Kami\u0144ska 18, Lubska 7,\u00a0 \u0141ukasiewicz 6, Tracz 5, Matuszczyk 2, Krzyka\u0142a 2, Jeziorska 2, Mirek 2<br \/>\n<\/span><span style=\"color: #0000ff;\">KS Pogo\u0144 Ruda \u015al\u0105ska \u2013 RMKS Rybnik\u00a0 <strong>53 : 89<\/strong>\u00a0 (13:27, 9:23, 14:12, 17:27<\/span><br \/>\n<span style=\"color: #000000;\"><strong>Punkty:<\/strong> Lubska 18, Kami\u0144ska 17, Jeziorska 6, \u0141ukasiewicz 4, Tracz 4, Krzyka\u0142a 2, Mirek 2<\/span><br \/>\n<span style=\"color: #0000ff;\">Zag\u0142\u0119bie Sosnowiec \u2013 KS Pogo\u0144 Ruda \u015al\u0105ska\u00a0<strong>71 : 49<\/strong>\u00a0 \u00a0(19:20, 20:6, 17:11, 15:12)<\/span><br \/>\n<span style=\"color: #000000;\"><strong>Punkty:<\/strong> Kami\u0144ska 17, Mirek 10, Diduszko 6, Jeziorska 4, Nieborowska 4, Krzyka\u0142a 3, Lubska 3, Tracz 2<br \/>\n<\/span><span style=\"color: #0000ff;\">KS Pogo\u0144 Ruda \u015al\u0105ska \u2013 Zag\u0142\u0119bie Sosnowiec\u00a0<strong> 60 : 61\u00a0<\/strong> \u00a0(15:13, 9:14, 15:18, 21:16)<\/span><br \/>\n<span style=\"color: #000000;\"><strong>Punkty:\u00a0<\/strong> \u0141ukasiewicz 19, Kami\u0144ska 15, Lubska 9, Mirek 6, Jeziorska 4, Diduszko 3, Krzyka\u0142a 2, Tracz 2,\u00a0<\/span><br \/>\n<span style=\"color: #0000ff;\">KS Pogo\u0144 Ruda \u015al\u0105ska \u2013 Arthrex UKS SP 27 Katowice\u00a0 \u00a0<strong>44 : 103<\/strong>\u00a0 (9:23, 9:33, 10:22, 16:25)<\/span><br \/>\n<span style=\"color: #000000;\"><strong>Punkty:<\/strong> \u0141ukasiewicz 14, Lubska 9, Kami\u0144ska 7, Mirek 6 Tracz 3, Jeziorska 3, Matuszczyk 2<br \/>\n.<br \/>\n1 Si\u0142a Ustro\u0144 20 pkt.<br \/>\n2 UKS SP 27 Katowice 17 pkt.<br \/>\n3 RMKS Rybnik 17 pkt.<br \/>\n4 MiniBasketball Racib\u00f3rz 14 pkt.<br \/>\n5 Zag\u0142\u0119bie Sosnowiec 12 pkt.<br \/>\n6 Pogo\u0144 Ruda \u015al\u0105ska 9 pkt.<br \/>\n.<\/span><\/p>\n<p><span style=\"color: #0000ff;\"><span style=\"color: #ff0000;\">Runda wst\u0119pna<\/span><br \/>\nKS Pogo\u0144 Ruda \u015al\u0105ska &#8211; TRS Si\u0142a Ustro\u0144 \u00a0<strong>41 : 83<\/strong>\u00a0 \u00a0(10:12, 13:26, 6:14, 12:31)<\/span><br \/>\n<span style=\"color: #000000;\"><strong>Punkty:<\/strong> Mirek 9, Lubska 7, Lukasiewicz 6, Jeziorska 5, Krzyka\u0142a 4, Piper 3, Pazur 3, Kami\u0144ska 2, Tracz 2<br \/>\n<span style=\"color: #0000ff;\">Pogo\u0144 Ruda \u015al\u0105ska &#8211; STARS Gliwice\u00a0 \u00a0<strong>75 : 63\u00a0<\/strong> (22:13, 15:22, 19:14, 19:14)<\/span><br \/>\n<strong>Punkty:<\/strong> Mirek 16, Pazur 14, Kami\u0144ska 12, Tracz 11, Matuszczyk 6, \u0141ukasiewicz 5, Lubska 5,\u00a0 Krzyka\u0142a 4, Jeziorska 2,<br \/>\n<span style=\"color: #0000ff;\">STARS Gliwice &#8211; KS Pogo\u0144 Ruda \u015al\u0105ska\u00a0<strong> 63 : 66\u00a0<\/strong> \u00a0(20:15, 13:13, 11:19, 19:19)<\/span><br \/>\n<strong>Punkty:<\/strong> Kami\u0144ska 22, Mirek 12, Tracz 9, \u0141ukasiewicz 9, Pazur 6, Lubska 4, Piper 2,<br \/>\n<span style=\"color: #0000ff;\">TRS Si\u0142a Ustro\u0144 &#8211; KS Pogo\u0144 Ruda \u015al\u0105ska 20 : 0<\/span><br \/>\n<\/span>.<br \/>\n<span style=\"color: #000000;\">1 Si\u0142a Ustro\u0144 8 pkt.<\/span><br \/>\n<span style=\"color: #000000;\">2 Pogo\u0144 Ruda \u015al\u0105ska 5 pkt.<\/span><br \/>\n<span style=\"color: #000000;\">3 STARS Gliwice 4 pkt.<\/span><\/p>\n<p><span style=\"color: #0000ff;\">Statystyki mecze, punkty i tr\u00f3jki<\/span><br \/>\n<span style=\"color: #000000;\">Emilia Kami\u0144ska 12 m. 165 punkty (1&#215;3)<\/span><br \/>\n<span style=\"color: #000000;\">Lena Mirek 12 \/ 98\u00a0<\/span><br \/>\n<span style=\"color: #000000;\">Lena Lubska 12 \/ 91\u00a0 (9&#215;3)<\/span><br \/>\n<span style=\"color: #000000;\">Alicja \u0141ukasiewicz 10 \/ 79<\/span><br \/>\n<span style=\"color: #000000;\">Antonina Tracz 12 \/ 54\u00a0 (2&#215;3)<\/span><br \/>\n<span style=\"color: #000000;\">Maria Jeziorska 12 \/ 32\u00a0<\/span><br \/>\n<span style=\"color: #000000;\">Pola Pazur 6 \/ 32\u00a0<\/span><br \/>\n<span style=\"color: #000000;\">Maja Krzyka\u0142a 12 \/ 27\u00a0 \u00a0(1&#215;3)<\/span><br \/>\n<span style=\"color: #000000;\">Zofia Matuszczyk 11 \/ 14\u00a0<\/span><br \/>\n<span style=\"color: #000000;\">Eliza Diduszko 5 \/ 9\u00a0 \u00a0 (2&#215;3)<\/span><br \/>\n<span style=\"color: #000000;\">Natalia Piper 4 \/ 5\u00a0<\/span><br \/>\n<span style=\"color: #000000;\">Oliwia Nieborowska 11 \/ 4\u00a0<\/span><br \/>\n<span style=\"color: #000000;\">Kalina Urban 11 \/ 2\u00a0<\/span><\/p>\n","protected":false},"excerpt":{"rendered":"<p>. Fina\u0142\u00a0 ,,A,, KS Pogo\u0144 Ruda \u015al\u0105ska &#8211; KS MiniBasketball Racib\u00f3rz\u00a0 44 : 79\u00a0 (9:12, 18:33, 7:17, 10:17) Punkty: Kami\u0144ska 15, Mirek 12,\u00a0 Lubska 6,\u00a0 , Krzyka\u0142a 4, Tracz 3, Jeziorska 2, Matuszczy 2 RMKS Rybnik &#8211; KS Pogo\u0144 Ruda \u015al\u0105ska\u00a0 113 : 53\u00a0 (29:17, 36:18, 24:10, 24:8) Punkty: Kami\u0144ska 21, Lubska 15, Mirek 7,&hellip;<\/p>\n","protected":false},"author":2,"featured_media":0,"parent":0,"menu_order":0,"comment_status":"closed","ping_status":"closed","template":"","meta":{"footnotes":""},"class_list":["post-2919","page","type-page","status-publish","hentry","entry","no-media"],"yoast_head":"<!-- This site is optimized with the Yoast SEO plugin v21.2 - https:\/\/yoast.com\/wordpress\/plugins\/seo\/ -->\n<title>Dziewcz\u0119ta U14 rocz. 2012 i m\u0142. sezon 2025\/2026 - KS POGO\u0143 Ruda \u015al\u0105ska<\/title>\n<meta name=\"robots\" content=\"index, follow, max-snippet:-1, max-image-preview:large, max-video-preview:-1\" \/>\n<link rel=\"canonical\" href=\"https:\/\/kspogon.com.pl\/?page_id=2919\" \/>\n<meta property=\"og:locale\" content=\"pl_PL\" \/>\n<meta property=\"og:type\" content=\"article\" \/>\n<meta property=\"og:title\" content=\"Dziewcz\u0119ta U14 rocz. 2012 i m\u0142. sezon 2025\/2026 - KS POGO\u0143 Ruda \u015al\u0105ska\" \/>\n<meta property=\"og:description\" content=\". Fina\u0142\u00a0 ,,A,, KS Pogo\u0144 Ruda \u015al\u0105ska &#8211; KS MiniBasketball Racib\u00f3rz\u00a0 44 : 79\u00a0 (9:12, 18:33, 7:17, 10:17) Punkty: Kami\u0144ska 15, Mirek 12,\u00a0 Lubska 6,\u00a0 , Krzyka\u0142a 4, Tracz 3, Jeziorska 2, Matuszczy 2 RMKS Rybnik &#8211; KS Pogo\u0144 Ruda \u015al\u0105ska\u00a0 113 : 53\u00a0 (29:17, 36:18, 24:10, 24:8) Punkty: Kami\u0144ska 21, Lubska 15, Mirek 7,&hellip;\" \/>\n<meta property=\"og:url\" content=\"https:\/\/kspogon.com.pl\/?page_id=2919\" \/>\n<meta property=\"og:site_name\" content=\"KS POGO\u0143 Ruda \u015al\u0105ska\" \/>\n<meta property=\"article:modified_time\" content=\"2026-04-01T21:52:46+00:00\" \/>\n<meta property=\"og:image\" content=\"https:\/\/kspogon.com.pl\/wp-content\/uploads\/2025\/11\/DSC04783-scaled.jpg\" \/>\n<meta name=\"twitter:card\" content=\"summary_large_image\" \/>\n<meta name=\"twitter:label1\" content=\"Szacowany czas czytania\" \/>\n\t<meta name=\"twitter:data1\" content=\"3 minuty\" \/>\n<script type=\"application\/ld+json\" class=\"yoast-schema-graph\">{\"@context\":\"https:\/\/schema.org\",\"@graph\":[{\"@type\":\"WebPage\",\"@id\":\"https:\/\/kspogon.com.pl\/?page_id=2919\",\"url\":\"https:\/\/kspogon.com.pl\/?page_id=2919\",\"name\":\"Dziewcz\u0119ta U14 rocz. 2012 i m\u0142. sezon 2025\/2026 - KS POGO\u0143 Ruda \u015al\u0105ska\",\"isPartOf\":{\"@id\":\"https:\/\/kspogon.com.pl\/#website\"},\"datePublished\":\"2025-10-03T08:57:50+00:00\",\"dateModified\":\"2026-04-01T21:52:46+00:00\",\"breadcrumb\":{\"@id\":\"https:\/\/kspogon.com.pl\/?page_id=2919#breadcrumb\"},\"inLanguage\":\"pl-PL\",\"potentialAction\":[{\"@type\":\"ReadAction\",\"target\":[\"https:\/\/kspogon.com.pl\/?page_id=2919\"]}]},{\"@type\":\"BreadcrumbList\",\"@id\":\"https:\/\/kspogon.com.pl\/?page_id=2919#breadcrumb\",\"itemListElement\":[{\"@type\":\"ListItem\",\"position\":1,\"name\":\"Home\",\"item\":\"https:\/\/kspogon.com.pl\/\"},{\"@type\":\"ListItem\",\"position\":2,\"name\":\"Dziewcz\u0119ta U14 rocz. 2012 i m\u0142. sezon 2025\/2026\"}]},{\"@type\":\"WebSite\",\"@id\":\"https:\/\/kspogon.com.pl\/#website\",\"url\":\"https:\/\/kspogon.com.pl\/\",\"name\":\"KS POGO\u0143 Ruda \u015al\u0105ska\",\"description\":\"\",\"publisher\":{\"@id\":\"https:\/\/kspogon.com.pl\/#organization\"},\"potentialAction\":[{\"@type\":\"SearchAction\",\"target\":{\"@type\":\"EntryPoint\",\"urlTemplate\":\"https:\/\/kspogon.com.pl\/?s={search_term_string}\"},\"query-input\":\"required name=search_term_string\"}],\"inLanguage\":\"pl-PL\"},{\"@type\":\"Organization\",\"@id\":\"https:\/\/kspogon.com.pl\/#organization\",\"name\":\"KS POGO\u0143 Ruda \u015al\u0105ska\",\"url\":\"https:\/\/kspogon.com.pl\/\",\"logo\":{\"@type\":\"ImageObject\",\"inLanguage\":\"pl-PL\",\"@id\":\"https:\/\/kspogon.com.pl\/#\/schema\/logo\/image\/\",\"url\":\"https:\/\/kspogon.com.pl\/wp-content\/uploads\/2022\/06\/images.png\",\"contentUrl\":\"https:\/\/kspogon.com.pl\/wp-content\/uploads\/2022\/06\/images.png\",\"width\":150,\"height\":168,\"caption\":\"KS POGO\u0143 Ruda \u015al\u0105ska\"},\"image\":{\"@id\":\"https:\/\/kspogon.com.pl\/#\/schema\/logo\/image\/\"}}]}<\/script>\n<!-- \/ Yoast SEO plugin. -->","yoast_head_json":{"title":"Dziewcz\u0119ta U14 rocz. 2012 i m\u0142. sezon 2025\/2026 - KS POGO\u0143 Ruda \u015al\u0105ska","robots":{"index":"index","follow":"follow","max-snippet":"max-snippet:-1","max-image-preview":"max-image-preview:large","max-video-preview":"max-video-preview:-1"},"canonical":"https:\/\/kspogon.com.pl\/?page_id=2919","og_locale":"pl_PL","og_type":"article","og_title":"Dziewcz\u0119ta U14 rocz. 2012 i m\u0142. sezon 2025\/2026 - KS POGO\u0143 Ruda \u015al\u0105ska","og_description":". Fina\u0142\u00a0 ,,A,, KS Pogo\u0144 Ruda \u015al\u0105ska &#8211; KS MiniBasketball Racib\u00f3rz\u00a0 44 : 79\u00a0 (9:12, 18:33, 7:17, 10:17) Punkty: Kami\u0144ska 15, Mirek 12,\u00a0 Lubska 6,\u00a0 , Krzyka\u0142a 4, Tracz 3, Jeziorska 2, Matuszczy 2 RMKS Rybnik &#8211; KS Pogo\u0144 Ruda \u015al\u0105ska\u00a0 113 : 53\u00a0 (29:17, 36:18, 24:10, 24:8) Punkty: Kami\u0144ska 21, Lubska 15, Mirek 7,&hellip;","og_url":"https:\/\/kspogon.com.pl\/?page_id=2919","og_site_name":"KS POGO\u0143 Ruda \u015al\u0105ska","article_modified_time":"2026-04-01T21:52:46+00:00","og_image":[{"url":"https:\/\/kspogon.com.pl\/wp-content\/uploads\/2025\/11\/DSC04783-scaled.jpg"}],"twitter_card":"summary_large_image","twitter_misc":{"Szacowany czas czytania":"3 minuty"},"schema":{"@context":"https:\/\/schema.org","@graph":[{"@type":"WebPage","@id":"https:\/\/kspogon.com.pl\/?page_id=2919","url":"https:\/\/kspogon.com.pl\/?page_id=2919","name":"Dziewcz\u0119ta U14 rocz. 2012 i m\u0142. sezon 2025\/2026 - KS POGO\u0143 Ruda \u015al\u0105ska","isPartOf":{"@id":"https:\/\/kspogon.com.pl\/#website"},"datePublished":"2025-10-03T08:57:50+00:00","dateModified":"2026-04-01T21:52:46+00:00","breadcrumb":{"@id":"https:\/\/kspogon.com.pl\/?page_id=2919#breadcrumb"},"inLanguage":"pl-PL","potentialAction":[{"@type":"ReadAction","target":["https:\/\/kspogon.com.pl\/?page_id=2919"]}]},{"@type":"BreadcrumbList","@id":"https:\/\/kspogon.com.pl\/?page_id=2919#breadcrumb","itemListElement":[{"@type":"ListItem","position":1,"name":"Home","item":"https:\/\/kspogon.com.pl\/"},{"@type":"ListItem","position":2,"name":"Dziewcz\u0119ta U14 rocz. 2012 i m\u0142. sezon 2025\/2026"}]},{"@type":"WebSite","@id":"https:\/\/kspogon.com.pl\/#website","url":"https:\/\/kspogon.com.pl\/","name":"KS POGO\u0143 Ruda \u015al\u0105ska","description":"","publisher":{"@id":"https:\/\/kspogon.com.pl\/#organization"},"potentialAction":[{"@type":"SearchAction","target":{"@type":"EntryPoint","urlTemplate":"https:\/\/kspogon.com.pl\/?s={search_term_string}"},"query-input":"required name=search_term_string"}],"inLanguage":"pl-PL"},{"@type":"Organization","@id":"https:\/\/kspogon.com.pl\/#organization","name":"KS POGO\u0143 Ruda \u015al\u0105ska","url":"https:\/\/kspogon.com.pl\/","logo":{"@type":"ImageObject","inLanguage":"pl-PL","@id":"https:\/\/kspogon.com.pl\/#\/schema\/logo\/image\/","url":"https:\/\/kspogon.com.pl\/wp-content\/uploads\/2022\/06\/images.png","contentUrl":"https:\/\/kspogon.com.pl\/wp-content\/uploads\/2022\/06\/images.png","width":150,"height":168,"caption":"KS POGO\u0143 Ruda \u015al\u0105ska"},"image":{"@id":"https:\/\/kspogon.com.pl\/#\/schema\/logo\/image\/"}}]}},"_links":{"self":[{"href":"https:\/\/kspogon.com.pl\/index.php?rest_route=\/wp\/v2\/pages\/2919","targetHints":{"allow":["GET"]}}],"collection":[{"href":"https:\/\/kspogon.com.pl\/index.php?rest_route=\/wp\/v2\/pages"}],"about":[{"href":"https:\/\/kspogon.com.pl\/index.php?rest_route=\/wp\/v2\/types\/page"}],"author":[{"embeddable":true,"href":"https:\/\/kspogon.com.pl\/index.php?rest_route=\/wp\/v2\/users\/2"}],"replies":[{"embeddable":true,"href":"https:\/\/kspogon.com.pl\/index.php?rest_route=%2Fwp%2Fv2%2Fcomments&post=2919"}],"version-history":[{"count":16,"href":"https:\/\/kspogon.com.pl\/index.php?rest_route=\/wp\/v2\/pages\/2919\/revisions"}],"predecessor-version":[{"id":3502,"href":"https:\/\/kspogon.com.pl\/index.php?rest_route=\/wp\/v2\/pages\/2919\/revisions\/3502"}],"wp:attachment":[{"href":"https:\/\/kspogon.com.pl\/index.php?rest_route=%2Fwp%2Fv2%2Fmedia&parent=2919"}],"curies":[{"name":"wp","href":"https:\/\/api.w.org\/{rel}","templated":true}]}}