{"id":462,"date":"2022-10-05T11:59:47","date_gmt":"2022-10-05T09:59:47","guid":{"rendered":"http:\/\/kspogon.com.pl\/?page_id=462"},"modified":"2023-03-02T14:30:18","modified_gmt":"2023-03-02T13:30:18","slug":"wizerunek","status":"publish","type":"page","link":"https:\/\/kspogon.com.pl\/?page_id=462","title":{"rendered":"Wizerunek"},"content":{"rendered":"<p><img loading=\"lazy\" decoding=\"async\" class=\"alignnone wp-image-746 size-full\" src=\"http:\/\/kspogon.com.pl\/wp-content\/uploads\/2023\/03\/DSC_0285-2-rotated.jpg\" alt=\"\" width=\"1454\" height=\"2032\" \/><\/p>\n<p><img loading=\"lazy\" decoding=\"async\" class=\"alignnone wp-image-748 size-full\" src=\"http:\/\/kspogon.com.pl\/wp-content\/uploads\/2023\/03\/DSC_0289-2-rotated.jpg\" alt=\"\" width=\"1282\" height=\"1887\" \/><\/p>\n","protected":false},"excerpt":{"rendered":"","protected":false},"author":2,"featured_media":0,"parent":0,"menu_order":0,"comment_status":"closed","ping_status":"closed","template":"","meta":{"footnotes":""},"class_list":["post-462","page","type-page","status-publish","hentry","entry","no-media"],"yoast_head":"<!-- This site is optimized with the Yoast SEO plugin v21.2 - https:\/\/yoast.com\/wordpress\/plugins\/seo\/ -->\n<title>Wizerunek - KS POGO\u0143 Ruda \u015al\u0105ska<\/title>\n<meta name=\"robots\" content=\"index, follow, max-snippet:-1, max-image-preview:large, max-video-preview:-1\" \/>\n<link rel=\"canonical\" href=\"https:\/\/kspogon.com.pl\/?page_id=462\" \/>\n<meta property=\"og:locale\" content=\"pl_PL\" \/>\n<meta property=\"og:type\" content=\"article\" \/>\n<meta property=\"og:title\" content=\"Wizerunek - KS POGO\u0143 Ruda \u015al\u0105ska\" \/>\n<meta property=\"og:url\" content=\"https:\/\/kspogon.com.pl\/?page_id=462\" \/>\n<meta property=\"og:site_name\" content=\"KS POGO\u0143 Ruda \u015al\u0105ska\" \/>\n<meta property=\"article:modified_time\" content=\"2023-03-02T13:30:18+00:00\" \/>\n<meta property=\"og:image\" content=\"http:\/\/kspogon.com.pl\/wp-content\/uploads\/2023\/03\/DSC_0285-2-rotated.jpg\" \/>\n<meta name=\"twitter:card\" content=\"summary_large_image\" \/>\n<script type=\"application\/ld+json\" class=\"yoast-schema-graph\">{\"@context\":\"https:\/\/schema.org\",\"@graph\":[{\"@type\":\"WebPage\",\"@id\":\"https:\/\/kspogon.com.pl\/?page_id=462\",\"url\":\"https:\/\/kspogon.com.pl\/?page_id=462\",\"name\":\"Wizerunek - KS POGO\u0143 Ruda \u015al\u0105ska\",\"isPartOf\":{\"@id\":\"https:\/\/kspogon.com.pl\/#website\"},\"datePublished\":\"2022-10-05T09:59:47+00:00\",\"dateModified\":\"2023-03-02T13:30:18+00:00\",\"breadcrumb\":{\"@id\":\"https:\/\/kspogon.com.pl\/?page_id=462#breadcrumb\"},\"inLanguage\":\"pl-PL\",\"potentialAction\":[{\"@type\":\"ReadAction\",\"target\":[\"https:\/\/kspogon.com.pl\/?page_id=462\"]}]},{\"@type\":\"BreadcrumbList\",\"@id\":\"https:\/\/kspogon.com.pl\/?page_id=462#breadcrumb\",\"itemListElement\":[{\"@type\":\"ListItem\",\"position\":1,\"name\":\"Home\",\"item\":\"https:\/\/kspogon.com.pl\/\"},{\"@type\":\"ListItem\",\"position\":2,\"name\":\"Wizerunek\"}]},{\"@type\":\"WebSite\",\"@id\":\"https:\/\/kspogon.com.pl\/#website\",\"url\":\"https:\/\/kspogon.com.pl\/\",\"name\":\"KS POGO\u0143 Ruda \u015al\u0105ska\",\"description\":\"\",\"publisher\":{\"@id\":\"https:\/\/kspogon.com.pl\/#organization\"},\"potentialAction\":[{\"@type\":\"SearchAction\",\"target\":{\"@type\":\"EntryPoint\",\"urlTemplate\":\"https:\/\/kspogon.com.pl\/?s={search_term_string}\"},\"query-input\":\"required name=search_term_string\"}],\"inLanguage\":\"pl-PL\"},{\"@type\":\"Organization\",\"@id\":\"https:\/\/kspogon.com.pl\/#organization\",\"name\":\"KS POGO\u0143 Ruda \u015al\u0105ska\",\"url\":\"https:\/\/kspogon.com.pl\/\",\"logo\":{\"@type\":\"ImageObject\",\"inLanguage\":\"pl-PL\",\"@id\":\"https:\/\/kspogon.com.pl\/#\/schema\/logo\/image\/\",\"url\":\"https:\/\/kspogon.com.pl\/wp-content\/uploads\/2022\/06\/images.png\",\"contentUrl\":\"https:\/\/kspogon.com.pl\/wp-content\/uploads\/2022\/06\/images.png\",\"width\":150,\"height\":168,\"caption\":\"KS POGO\u0143 Ruda \u015al\u0105ska\"},\"image\":{\"@id\":\"https:\/\/kspogon.com.pl\/#\/schema\/logo\/image\/\"}}]}<\/script>\n<!-- \/ Yoast SEO plugin. -->","yoast_head_json":{"title":"Wizerunek - KS POGO\u0143 Ruda \u015al\u0105ska","robots":{"index":"index","follow":"follow","max-snippet":"max-snippet:-1","max-image-preview":"max-image-preview:large","max-video-preview":"max-video-preview:-1"},"canonical":"https:\/\/kspogon.com.pl\/?page_id=462","og_locale":"pl_PL","og_type":"article","og_title":"Wizerunek - KS POGO\u0143 Ruda \u015al\u0105ska","og_url":"https:\/\/kspogon.com.pl\/?page_id=462","og_site_name":"KS POGO\u0143 Ruda \u015al\u0105ska","article_modified_time":"2023-03-02T13:30:18+00:00","og_image":[{"url":"http:\/\/kspogon.com.pl\/wp-content\/uploads\/2023\/03\/DSC_0285-2-rotated.jpg"}],"twitter_card":"summary_large_image","schema":{"@context":"https:\/\/schema.org","@graph":[{"@type":"WebPage","@id":"https:\/\/kspogon.com.pl\/?page_id=462","url":"https:\/\/kspogon.com.pl\/?page_id=462","name":"Wizerunek - KS POGO\u0143 Ruda \u015al\u0105ska","isPartOf":{"@id":"https:\/\/kspogon.com.pl\/#website"},"datePublished":"2022-10-05T09:59:47+00:00","dateModified":"2023-03-02T13:30:18+00:00","breadcrumb":{"@id":"https:\/\/kspogon.com.pl\/?page_id=462#breadcrumb"},"inLanguage":"pl-PL","potentialAction":[{"@type":"ReadAction","target":["https:\/\/kspogon.com.pl\/?page_id=462"]}]},{"@type":"BreadcrumbList","@id":"https:\/\/kspogon.com.pl\/?page_id=462#breadcrumb","itemListElement":[{"@type":"ListItem","position":1,"name":"Home","item":"https:\/\/kspogon.com.pl\/"},{"@type":"ListItem","position":2,"name":"Wizerunek"}]},{"@type":"WebSite","@id":"https:\/\/kspogon.com.pl\/#website","url":"https:\/\/kspogon.com.pl\/","name":"KS POGO\u0143 Ruda \u015al\u0105ska","description":"","publisher":{"@id":"https:\/\/kspogon.com.pl\/#organization"},"potentialAction":[{"@type":"SearchAction","target":{"@type":"EntryPoint","urlTemplate":"https:\/\/kspogon.com.pl\/?s={search_term_string}"},"query-input":"required name=search_term_string"}],"inLanguage":"pl-PL"},{"@type":"Organization","@id":"https:\/\/kspogon.com.pl\/#organization","name":"KS POGO\u0143 Ruda \u015al\u0105ska","url":"https:\/\/kspogon.com.pl\/","logo":{"@type":"ImageObject","inLanguage":"pl-PL","@id":"https:\/\/kspogon.com.pl\/#\/schema\/logo\/image\/","url":"https:\/\/kspogon.com.pl\/wp-content\/uploads\/2022\/06\/images.png","contentUrl":"https:\/\/kspogon.com.pl\/wp-content\/uploads\/2022\/06\/images.png","width":150,"height":168,"caption":"KS POGO\u0143 Ruda \u015al\u0105ska"},"image":{"@id":"https:\/\/kspogon.com.pl\/#\/schema\/logo\/image\/"}}]}},"_links":{"self":[{"href":"https:\/\/kspogon.com.pl\/index.php?rest_route=\/wp\/v2\/pages\/462","targetHints":{"allow":["GET"]}}],"collection":[{"href":"https:\/\/kspogon.com.pl\/index.php?rest_route=\/wp\/v2\/pages"}],"about":[{"href":"https:\/\/kspogon.com.pl\/index.php?rest_route=\/wp\/v2\/types\/page"}],"author":[{"embeddable":true,"href":"https:\/\/kspogon.com.pl\/index.php?rest_route=\/wp\/v2\/users\/2"}],"replies":[{"embeddable":true,"href":"https:\/\/kspogon.com.pl\/index.php?rest_route=%2Fwp%2Fv2%2Fcomments&post=462"}],"version-history":[{"count":3,"href":"https:\/\/kspogon.com.pl\/index.php?rest_route=\/wp\/v2\/pages\/462\/revisions"}],"predecessor-version":[{"id":749,"href":"https:\/\/kspogon.com.pl\/index.php?rest_route=\/wp\/v2\/pages\/462\/revisions\/749"}],"wp:attachment":[{"href":"https:\/\/kspogon.com.pl\/index.php?rest_route=%2Fwp%2Fv2%2Fmedia&parent=462"}],"curies":[{"name":"wp","href":"https:\/\/api.w.org\/{rel}","templated":true}]}}